{"id":33,"date":"2020-07-24T10:15:53","date_gmt":"2020-07-24T10:15:53","guid":{"rendered":"http:\/\/gschneider-sohn.de\/?page_id=33"},"modified":"2025-09-05T00:44:33","modified_gmt":"2025-09-05T00:44:33","slug":"datenschutzerklaerung","status":"publish","type":"page","link":"https:\/\/gschneider-sohn.de\/?page_id=33","title":{"rendered":"Datenschutzerkl\u00e4rung"},"content":{"rendered":"<div id=\"pl-gb33-69ed10a5ed15f\"  class=\"panel-layout wp-block-siteorigin-panels-layout-block\" ><div id=\"pg-gb33-69ed10a5ed15f-0\"  class=\"panel-grid panel-has-style\" ><div class=\"panel-row-style panel-row-style-for-gb33-69ed10a5ed15f-0\" ><div id=\"pgc-gb33-69ed10a5ed15f-0-0\"  class=\"panel-grid-cell\" ><div id=\"panel-gb33-69ed10a5ed15f-0-0-0\" class=\"so-panel widget widget_sow-editor panel-first-child panel-last-child\" data-index=\"0\" ><div\n\t\t\t\n\t\t\tclass=\"so-widget-sow-editor so-widget-sow-editor-base\"\n\t\t\t\n\t\t>\n<div class=\"siteorigin-widget-tinymce textwidget\">\n\t<header class=\"entry-header\">\n<h1 class=\"entry-title tg-page-content__title\"><\/h1>\n<\/header>\n<div class=\"entry-content\">\n<p>Verantwortliche Stelle im Sinne der Datenschutzgesetze, insbesondere der EU-Datenschutzgrundverordnung (DSGVO) und Telekommunikation-Digitale-Dienste-Datenschutz-Gesetz (TDDDG) ist:<\/p>\n<p><strong>Gerhard Schneider &amp; Sohn GmbH<\/strong><br \/>\nDottenfeldstra\u00dfe 24a<br \/>\n65936 Frankfurt am Main<\/p>\n<p><strong>Gesch\u00e4ftsf\u00fchrer:<\/strong><br \/>\nMichael und Louis Schneider<\/p>\n<p>eingetragen im Handelsregister unter Nr. HRB 31763, Amtsgericht Frankfurt<br \/>\nUSt.-Ident.-Nr.: DE114155742<\/p>\n<p><strong>Kontakt:<\/strong><\/p>\n<p>Telefon: 069 \/ 342 445<br \/>\nFaxger\u00e4t: 069 \/ 346 493<\/p>\n<p><a href=\"mailto:kontakt@gschneider-sohn.de\" data-type=\"mailto\" data-id=\"mailto:kontakt@gschneider-sohn.de\">eMail: kontakt@gschneider-sohn.de<\/a><\/p>\n<p>&nbsp;<\/p>\n<p><strong>Urheberrechtliche Hinweise<\/strong><br \/>\nLouis Schneider (Anschrift, siehe oben)<\/p>\n<h2>Ihre Betroffenenrechte<\/h2>\n<p>Unter den angegebenen Kontaktdaten unseres Datenschutzbeauftragten k\u00f6nnen Sie jederzeit folgende Rechte aus\u00fcben:<\/p>\n<ul>\n<li>Auskunft \u00fcber Ihre bei uns gespeicherten Daten und deren Verarbeitung,<\/li>\n<li>Berichtigung unrichtiger personenbezogener Daten,<\/li>\n<li>L\u00f6schung Ihrer bei uns gespeicherten Daten,<\/li>\n<li>Einschr\u00e4nkung der Datenverarbeitung, sofern wir Ihre Daten aufgrund gesetzlicher Pflichten noch nicht l\u00f6schen d\u00fcrfen,<\/li>\n<li>Widerspruch gegen die Verarbeitung Ihrer Daten bei uns und<\/li>\n<li>Daten\u00fcbertragbarkeit, sofern Sie in die Datenverarbeitung eingewilligt haben oder einen Vertrag mit uns abgeschlossen haben.<\/li>\n<\/ul>\n<p>Sofern Sie uns eine Einwilligung erteilt haben, k\u00f6nnen Sie diese jederzeit mit Wirkung f\u00fcr die Zukunft widerrufen.<\/p>\n<p>Sie k\u00f6nnen sich jederzeit mit einer Beschwerde an die f\u00fcr Sie zust\u00e4ndige Aufsichtsbeh\u00f6rde wenden. Ihre zust\u00e4ndige Aufsichtsbeh\u00f6rde richtet sich nach dem Bundesland Ihres Wohnsitzes, Ihrer Arbeit oder der mutma\u00dflichen Verletzung. Eine Liste der Aufsichtsbeh\u00f6rden (f\u00fcr den nicht\u00f6ffentlichen Bereich) mit Anschrift finden Sie unter: <a href=\"https:\/\/www.bfdi.bund.de\/DE\/Infothek\/Anschriften_Links\/anschriften_links-node.html\" target=\"_blank\" rel=\"noreferrer noopener\">https:\/\/www.bfdi.bund.de\/DE\/Infothek\/Anschriften_Links\/anschriften_links-node.html<\/a>.<\/p>\n<h2>Zwecke der Datenverarbeitung durch die verantwortliche Stelle und Dritte<\/h2>\n<p>Wir verarbeiten Ihre personenbezogenen Daten nur zu den in dieser Datenschutzerkl\u00e4rung genannten Zwecken. Eine \u00dcbermittlung Ihrer pers\u00f6nlichen Daten an Dritte zu anderen als den genannten Zwecken findet nicht statt. Wir geben Ihre pers\u00f6nlichen Daten nur an Dritte weiter, wenn:<\/p>\n<ul>\n<li>Sie Ihre ausdr\u00fcckliche Einwilligung dazu erteilt haben,<\/li>\n<li>die Verarbeitung zur Abwicklung eines Vertrags mit Ihnen erforderlich ist,<\/li>\n<li>die Verarbeitung zur Erf\u00fcllung einer rechtlichen Verpflichtung erforderlich ist,<\/li>\n<\/ul>\n<p>die Verarbeitung zur Wahrung berechtigter Interessen erforderlich ist und kein Grund zur Annahme besteht, dass Sie ein \u00fcberwiegendes schutzw\u00fcrdiges Interesse an der Nichtweitergabe Ihrer Daten haben.<\/p>\n<h2>L\u00f6schung bzw. Sperrung der Daten<\/h2>\n<p>Wir halten uns an die Grunds\u00e4tze der Datenvermeidung und Datensparsamkeit. Wir speichern Ihre personenbezogenen Daten daher nur so lange, wie dies zur Erreichung der hier genannten Zwecke erforderlich ist oder wie es die vom Gesetzgeber vorgesehenen vielf\u00e4ltigen Speicherfristen vorsehen. Nach Fortfall des jeweiligen Zweckes bzw. Ablauf dieser Fristen werden die entsprechenden Daten routinem\u00e4\u00dfig und entsprechend den gesetzlichen Vorschriften gesperrt oder gel\u00f6scht.<\/p>\n<h2>Kontaktformular<\/h2>\n<p>Treten Sie bzgl. Fragen jeglicher Art per E-Mail oder Kontaktformular mit uns in Kontakt, erteilen Sie uns zum Zwecke der Kontaktaufnahme Ihre freiwillige Einwilligung. Hierf\u00fcr ist die Angabe einer validen E-Mail-Adresse erforderlich. Diese dient der Zuordnung der Anfrage und der anschlie\u00dfenden Beantwortung derselben. Die Angabe weiterer Daten ist optional. Die von Ihnen gemachten Angaben werden zum Zwecke der Bearbeitung der Anfrage sowie f\u00fcr m\u00f6gliche Anschlussfragen gespeichert. Nach Erledigung der von Ihnen gestellten Anfrage werden personenbezogene Daten automatisch gel\u00f6scht.<\/p>\n<h2><strong>\u00c4nderung unserer Datenschutzbestimmungen<\/strong><\/h2>\n<p>Wir behalten uns vor, diese Datenschutzerkl\u00e4rung anzupassen, damit sie stets den aktuellen rechtlichen Anforderungen entspricht oder um \u00c4nderungen unserer Leistungen in der Datenschutzerkl\u00e4rung umzusetzen, z.B. bei der Einf\u00fchrung neuer Services. F\u00fcr Ihren erneuten Besuch gilt dann die neue Datenschutzerkl\u00e4rung.<\/p>\n<h2><strong>Fragen an den Datenschutzbeauftragten<\/strong><\/h2>\n<p>Wenn Sie Fragen zum Datenschutz haben, schreiben Sie uns bitte eine E-Mail an kontakt (at) gschneider-sohn.de oder wenden Sie sich direkt an die f\u00fcr den Datenschutz verantwortliche Person in unserer Organisation:<\/p>\n<p><em>Die Datenschutzerkl\u00e4rung wurde mit dem <\/em><a href=\"https:\/\/www.activemind.de\/datenschutz\/datenschutzhinweis-generator\/\" target=\"_blank\" rel=\"noreferrer noopener\"><em>Datenschutzerkl\u00e4rungs-Generator der activeMind AG erstellt<\/em><\/a><em>.<\/em><\/p>\n<p>Beim Aufrufen meiner Website\u00a0<strong>www.gschneider-sohn.de<\/strong> bzw. <strong>www.gschneidersohn.de<\/strong> werden durch den auf Ihrem Endger\u00e4t zum Einsatz kommenden Browser automatisch Informationen an den Server meiner Website gesendet. Diese Informationen werden tempor\u00e4r in einem sog. Logfile gespeichert. Folgende Informationen werden dabei ohne Ihr Zutun durch den Provider, domainfactory GmbH, Oskar-Messter-Str. 33,85737 Ismaning, (Reseller Fa. Shirttr\u00e4ger Druck &amp; Service GmbH, Alt-Sossenheim 57 in 65936 Frankfurt, GF Manuel Tiedemann, Serverstandort Stra\u00dfburg) vor\u00fcbergehend in einer Protokolldatei erfasst und bis zur automatisierten L\u00f6schung gespeichert:<br \/>\n\u2022\u00a0\u00a0 \u00a0\u00a0IP-Adresse des anfragenden Rechners<br \/>\n\u2022\u00a0\u00a0 \u00a0Datum und Uhrzeit des Zugriffs<br \/>\n\u2022\u00a0\u00a0 \u00a0Inhalt der Anforderung (konkrete Seite)<br \/>\n\u2022\u00a0\u00a0 \u00a0\u00a0Zugriffsstatus\/HTTP-Statuscode<br \/>\n\u2022\u00a0\u00a0 \u00a0jeweils \u00fcbertragene Datenmenge<br \/>\n\u2022\u00a0\u00a0 \u00a0Name und URL der abgerufenen Datei<br \/>\n\u2022\u00a0\u00a0 \u00a0Website, von der aus der Zugriff erfolgt (Referrer-URL),<br \/>\n\u2022\u00a0\u00a0 \u00a0verwendeter Browser und ggf. das Betriebssystem Ihres Rechners sowie der Name Ihres Access-Providers<br \/>\n\u2022\u00a0\u00a0 \u00a0Sprache und Version der Browsersoftware.<br \/>\nWeitere Daten werden dadurch erhoben, dass Sie mir diese mitteilen, zum Beispiel durch die Benutzung eines Kontaktformulars.<\/p>\n<\/div>\n<\/div>\n<\/div><\/div><\/div><\/div><\/div><\/div>\n\n\n<p><\/p>\n","protected":false},"excerpt":{"rendered":"<p>Verantwortliche Stelle im Sinne der Datenschutzgesetze, insbesondere der EU-Datenschutzgrundverordnung (DSGVO) und Telekommunikation-Digitale-Dienste-Datenschutz-Gesetz (TDDDG) ist: Gerhard Schneider &amp; Sohn GmbH Dottenfeldstra\u00dfe 24a 65936 Frankfurt am Main Gesch\u00e4ftsf\u00fchrer: Michael und Louis Schneider eingetragen im Handelsregister unter Nr. HRB 31763, Amtsgericht Frankfurt USt.-Ident.-Nr.: DE114155742 Kontakt: Telefon: 069 \/ 342 445 Faxger\u00e4t: 069 \/ 346 493 eMail: kontakt@gschneider-sohn.de &nbsp; [&hellip;]<\/p>\n","protected":false},"author":1,"featured_media":0,"parent":0,"menu_order":0,"comment_status":"closed","ping_status":"closed","template":"","meta":{"zakra_page_container_layout":"customizer","zakra_page_sidebar_layout":"customizer","zakra_remove_content_margin":false,"zakra_sidebar":"customizer","zakra_transparent_header":"customizer","zakra_logo":0,"zakra_main_header_style":"default","zakra_menu_item_color":"","zakra_menu_item_hover_color":"","zakra_menu_item_active_color":"","zakra_menu_active_style":"","zakra_page_header":false,"footnotes":""},"class_list":["post-33","page","type-page","status-publish","hentry"],"_links":{"self":[{"href":"https:\/\/gschneider-sohn.de\/index.php?rest_route=\/wp\/v2\/pages\/33","targetHints":{"allow":["GET"]}}],"collection":[{"href":"https:\/\/gschneider-sohn.de\/index.php?rest_route=\/wp\/v2\/pages"}],"about":[{"href":"https:\/\/gschneider-sohn.de\/index.php?rest_route=\/wp\/v2\/types\/page"}],"author":[{"embeddable":true,"href":"https:\/\/gschneider-sohn.de\/index.php?rest_route=\/wp\/v2\/users\/1"}],"replies":[{"embeddable":true,"href":"https:\/\/gschneider-sohn.de\/index.php?rest_route=%2Fwp%2Fv2%2Fcomments&post=33"}],"version-history":[{"count":17,"href":"https:\/\/gschneider-sohn.de\/index.php?rest_route=\/wp\/v2\/pages\/33\/revisions"}],"predecessor-version":[{"id":971,"href":"https:\/\/gschneider-sohn.de\/index.php?rest_route=\/wp\/v2\/pages\/33\/revisions\/971"}],"wp:attachment":[{"href":"https:\/\/gschneider-sohn.de\/index.php?rest_route=%2Fwp%2Fv2%2Fmedia&parent=33"}],"curies":[{"name":"wp","href":"https:\/\/api.w.org\/{rel}","templated":true}]}}