{"id":27,"date":"2020-07-24T10:11:16","date_gmt":"2020-07-24T10:11:16","guid":{"rendered":"http:\/\/gschneider-sohn.de\/?page_id=27"},"modified":"2022-10-18T10:24:18","modified_gmt":"2022-10-18T10:24:18","slug":"sanitaer","status":"publish","type":"page","link":"https:\/\/gschneider-sohn.de\/?page_id=27","title":{"rendered":"Sanit\u00e4r"},"content":{"rendered":"<div id=\"pl-gb27-69ed1256bf5b8\"  class=\"panel-layout\" ><div id=\"pg-gb27-69ed1256bf5b8-0\"  class=\"panel-grid panel-has-style\" ><div class=\"panel-row-style panel-row-style-for-gb27-69ed1256bf5b8-0\" ><div id=\"pgc-gb27-69ed1256bf5b8-0-0\"  class=\"panel-grid-cell\" ><div id=\"panel-gb27-69ed1256bf5b8-0-0-0\" class=\"so-panel widget widget_sow-editor panel-first-child panel-last-child\" data-index=\"0\" ><div\n\t\t\t\n\t\t\tclass=\"so-widget-sow-editor so-widget-sow-editor-base\"\n\t\t\t\n\t\t>\n<div class=\"siteorigin-widget-tinymce textwidget\">\n\t<div class=\"lbox b1224\">\n<div class=\"csc-textpic-text\">\n<h3><span style=\"color: #003366;\">Sanit\u00e4rtechnik ist die Lebensader eines Hauses \u2013 niemand sollte an ihr sparen.\u00a0<\/span><\/h3>\n<p class=\"bodytext\">Profitieren Sie deshalb von unserem traditionsreichen Fachbetrieb in Frankfurt und Umgebung. Ob f\u00fcr Neubau, Sanierung, Reparatur oder Wartungsarbeiten:<\/p>\n<p class=\"bodytext\">Wir kennen den Markt seit 1935 bestens, sind zertifiziert f\u00fcr Sanit\u00e4r, Heizung und Klimatechnik.<\/p>\n<\/div>\n<\/div>\n<\/div>\n<\/div><\/div><\/div><div id=\"pgc-gb27-69ed1256bf5b8-0-1\"  class=\"panel-grid-cell panel-grid-cell-empty\" ><\/div><div id=\"pgc-gb27-69ed1256bf5b8-0-2\"  class=\"panel-grid-cell\" ><div id=\"panel-gb27-69ed1256bf5b8-0-2-0\" class=\"so-panel widget widget_sow-editor panel-first-child panel-last-child\" data-index=\"1\" ><div\n\t\t\t\n\t\t\tclass=\"so-widget-sow-editor so-widget-sow-editor-base\"\n\t\t\t\n\t\t>\n<div class=\"siteorigin-widget-tinymce textwidget\">\n\t<div class=\"lbox b1224\">\n<div class=\"csc-textpic-text\">\n<div class=\"rbox b1242\">\n<h3><span style=\"color: #003366;\">Wellness-Oase:\u00a0gut geplant = besser entspannen<\/span><\/h3>\n<p class=\"bodytext\">F\u00fcr ein Wellness-Bad in den eigenen vier W\u00e4nden gibt es zahlreiche kreative M\u00f6glichkeiten. Wer jedoch bei der Planung nicht ausrutschen m\u00f6chte, muss viele Aspekte ber\u00fccksichtigen: unter anderem die Versorgungs- und Rohrleitungstechnik sowie die begleitenden Gewerke. Gerne f\u00fchren wir f\u00fcr Sie alle Aufgabenbereiche zusammen \u2013 von der Beratung bis zur Umsetzung.<\/p>\n<\/div>\n<\/div>\n<\/div>\n<\/div>\n<\/div><\/div><\/div><\/div><\/div><div id=\"pg-gb27-69ed1256bf5b8-1\"  class=\"panel-grid panel-has-style\" ><div class=\"panel-row-style panel-row-style-for-gb27-69ed1256bf5b8-1\" ><div id=\"pgc-gb27-69ed1256bf5b8-1-0\"  class=\"panel-grid-cell\" ><div id=\"panel-gb27-69ed1256bf5b8-1-0-0\" class=\"so-panel widget widget_sow-editor panel-first-child panel-last-child\" data-index=\"2\" ><div class=\"panel-widget-style panel-widget-style-for-gb27-69ed1256bf5b8-1-0-0\" ><div\n\t\t\t\n\t\t\tclass=\"so-widget-sow-editor so-widget-sow-editor-base\"\n\t\t\t\n\t\t>\n<div class=\"siteorigin-widget-tinymce textwidget\">\n\t<\/div>\n<\/div><\/div><\/div><\/div><\/div><\/div><div id=\"pg-gb27-69ed1256bf5b8-2\"  class=\"panel-grid panel-has-style\" ><div class=\"panel-row-style panel-row-style-for-gb27-69ed1256bf5b8-2\" ><div id=\"pgc-gb27-69ed1256bf5b8-2-0\"  class=\"panel-grid-cell\" ><div id=\"panel-gb27-69ed1256bf5b8-2-0-0\" class=\"so-panel widget widget_lsow-tabs panel-first-child panel-last-child\" data-index=\"3\" ><div\n\t\t\t\n\t\t\tclass=\"so-widget-lsow-tabs so-widget-lsow-tabs-default-b1c1e37d9f2d-27\"\n\t\t\t\n\t\t><div class=\"lsow-tabs lsow-vertical style8\" data-mobile-width=\"767\"><a href=\"#\" class=\"lsow-tab-mobile-menu\"><i class=\"lsow-icon-menu\"><\/i>&nbsp;<\/a><div class=\"lsow-tab-nav\"><div class=\"lsow-tab\"><a class=\"lsow-tab-label\" href=\"#\"><span class=\"lsow-icon-wrapper\"><\/span><span class=\"lsow-tab-title\">Badsanierung<\/span><\/a><\/div><div class=\"lsow-tab\"><a class=\"lsow-tab-label\" href=\"#\"><span class=\"lsow-icon-wrapper\"><\/span><span class=\"lsow-tab-title\">Wasseraufbereitung<\/span><\/a><\/div><div class=\"lsow-tab\"><a class=\"lsow-tab-label\" href=\"#\"><span class=\"lsow-icon-wrapper\"><\/span><span class=\"lsow-tab-title\">Reparatur<\/span><\/a><\/div><div class=\"lsow-tab\"><a class=\"lsow-tab-label\" href=\"#\"><span class=\"lsow-icon-wrapper\"><\/span><span class=\"lsow-tab-title\">Bad-Welten<\/span><\/a><\/div><\/div><!-- .lsow-tab-nav --><div class=\"lsow-tab-panes\"><div id=\"\" class=\"lsow-tab-pane\"><p>Ihr Badezimmer entspricht nicht mehr Ihren Bed\u00fcrfnissen oder Anforderungen?<\/p>\n<p>Es ist in die Jahre gekommen und ben\u00f6tigt ein Facelift?<\/p>\n<p>Kein Problem! Kontaktieren Sie uns heute f\u00fcr eine Kompetente und schnelle Badsanierung.<\/p>\n<p>Wir beraten Sie gerne zu M\u00f6glichkeiten und L\u00f6sungen, damit Sie sich in Ihrem Badezimmer wieder wohlf\u00fchlen.<\/p>\n<p>Egal welche Gegebenheiten vorliegen, wir finden gemeinsam mit Ihnen eine attraktive L\u00f6sung.<\/p>\n<\/div><div id=\"\" class=\"lsow-tab-pane\"><p>W\u00fcnschen Sie sich seidenweiches Wasser beim Duschen und weniger Kalkablagerungen in Sichtbereichen?<br \/>\nMit der Installation einer Enth\u00e4rtungsanlage k\u00f6nnen Sie sich diesen Wunsch im Hand umdrehen erf\u00fcllen.<\/p>\n<p>Gemeinsam mit unserem Partner BWT finden wir f\u00fcr jedes Objekt die passende Anlage.<\/p>\n<p>Um eine langanhaltende Freude mit ihrer Weichwasseranlage zu gew\u00e4hrleisten empfehlen wir diese j\u00e4hrlich zu warten.<br \/>\nGerne stehen wir Ihnen auch f\u00fcr die Wartung Ihrer Wasseraufbereitungsanlage zur Verf\u00fcgung.<\/p>\n<p>Kontaktieren Sie uns jetzt zur Terminvereinbarung\u00a0 oder Beratung.<\/p>\n<\/div><div id=\"\" class=\"lsow-tab-pane\"><p>Sie haben einen Rohrbruch oder bei Ihnen steht eine Reparaturarbeit an?<\/p>\n<p>Wir reparieren und erneuern Ihre undichte Leitung oder defekten Sanit\u00e4rgegenst\u00e4nde.<\/p>\n<p>Rufen Sie uns am besten gleich zur Terminvereinbarung an bevor ein weiterer Schaden entsteht und wir beheben Ihr Problem.<\/p>\n<\/div><div id=\"\" class=\"lsow-tab-pane\"><p><a href=\"http:\/\/gschneider-sohn.de\/wp-content\/uploads\/2020\/09\/ZZH_T23959E01_000_01.jpg\"><img loading=\"lazy\" decoding=\"async\" class=\"alignleft wp-image-59 size-medium\" src=\"http:\/\/gschneider-sohn.de\/wp-content\/uploads\/2020\/09\/ZZH_T23959E01_000_01-300x233.jpg\" alt=\"\" width=\"300\" height=\"233\" \/><\/a><\/p>\n<p><a href=\"http:\/\/gschneider-sohn.de\/wp-content\/uploads\/2020\/09\/ZZH_T23445F02_000_01.jpg\"><img loading=\"lazy\" decoding=\"async\" class=\"aligncenter wp-image-58 size-medium\" src=\"http:\/\/gschneider-sohn.de\/wp-content\/uploads\/2020\/09\/ZZH_T23445F02_000_01-300x216.jpg\" alt=\"\" width=\"300\" height=\"216\" srcset=\"https:\/\/gschneider-sohn.de\/wp-content\/uploads\/2020\/09\/ZZH_T23445F02_000_01-300x216.jpg 300w, https:\/\/gschneider-sohn.de\/wp-content\/uploads\/2020\/09\/ZZH_T23445F02_000_01-1024x738.jpg 1024w, https:\/\/gschneider-sohn.de\/wp-content\/uploads\/2020\/09\/ZZH_T23445F02_000_01-768x554.jpg 768w, https:\/\/gschneider-sohn.de\/wp-content\/uploads\/2020\/09\/ZZH_T23445F02_000_01-1536x1107.jpg 1536w, https:\/\/gschneider-sohn.de\/wp-content\/uploads\/2020\/09\/ZZH_T23445F02_000_01-2048x1477.jpg 2048w\" sizes=\"auto, (max-width: 300px) 100vw, 300px\" \/><\/a> <a href=\"http:\/\/gschneider-sohn.de\/wp-content\/uploads\/2020\/09\/Website-Waschbecken-scaled.jpg\"><img loading=\"lazy\" decoding=\"async\" class=\"alignright wp-image-57 size-medium\" src=\"http:\/\/gschneider-sohn.de\/wp-content\/uploads\/2020\/09\/Website-Waschbecken-300x207.jpg\" alt=\"\" width=\"300\" height=\"207\" srcset=\"https:\/\/gschneider-sohn.de\/wp-content\/uploads\/2020\/09\/Website-Waschbecken-300x207.jpg 300w, https:\/\/gschneider-sohn.de\/wp-content\/uploads\/2020\/09\/Website-Waschbecken-1024x707.jpg 1024w, https:\/\/gschneider-sohn.de\/wp-content\/uploads\/2020\/09\/Website-Waschbecken-768x530.jpg 768w, https:\/\/gschneider-sohn.de\/wp-content\/uploads\/2020\/09\/Website-Waschbecken-2048x1414.jpg 2048w\" sizes=\"auto, (max-width: 300px) 100vw, 300px\" \/><\/a><\/p>\n<\/div><\/div><!-- .lsow-tab-panes --><\/div><!-- .lsow-tabs --><\/div><\/div><\/div><\/div><\/div><div id=\"pg-gb27-69ed1256bf5b8-3\"  class=\"panel-grid panel-has-style\" ><div class=\"panel-row-style panel-row-style-for-gb27-69ed1256bf5b8-3\" ><div id=\"pgc-gb27-69ed1256bf5b8-3-0\"  class=\"panel-grid-cell\" ><div id=\"panel-gb27-69ed1256bf5b8-3-0-0\" class=\"so-panel widget widget_sow-hero panel-first-child panel-last-child\" data-index=\"4\" ><div class=\"panel-widget-style panel-widget-style-for-gb27-69ed1256bf5b8-3-0-0\" ><div\n\t\t\t\n\t\t\tclass=\"so-widget-sow-hero so-widget-sow-hero-default-37651d7ff0c4-27 so-widget-fittext-wrapper\"\n\t\t\t data-fit-text-compressor=\"0.85\"\n\t\t>\t\t\t\t<div class=\"sow-slider-base\" style=\"display: none\" tabindex=\"0\">\n\t\t\t\t\t<ul\n\t\t\t\t\tclass=\"sow-slider-images\"\n\t\t\t\t\tdata-settings=\"{&quot;pagination&quot;:true,&quot;speed&quot;:800,&quot;timeout&quot;:8000,&quot;paused&quot;:false,&quot;pause_on_hover&quot;:false,&quot;swipe&quot;:true,&quot;nav_always_show_desktop&quot;:&quot;&quot;,&quot;nav_always_show_mobile&quot;:&quot;&quot;,&quot;breakpoint&quot;:&quot;780px&quot;,&quot;unmute&quot;:false,&quot;anchor&quot;:null}\"\n\t\t\t\t\tstyle=\"min-height: 400px\"\t\t\t\t\tdata-anchor-id=\"\"\n\t\t\t\t>\t\t<li class=\"sow-slider-image  sow-slider-image-cover\" style=\"visibility: visible;;background-color: #333333\" >\n\t\t\t\t\t<div class=\"sow-slider-image-container\">\n\t\t\t<div class=\"sow-slider-image-wrapper\">\n\t\t\t\t<h2 style=\"text-align: right\">ENTLASTEN SIE SICH MIT UNSEREM<\/h2>\n<h2 style=\"text-align: right\"><span style=\"color: #ffffff\">SERVICE AUS EINER HAND!<\/span><\/h2>\n\t\t\t<\/div>\n\t\t<\/div>\n\t\t<div class=\"sow-slider-image-overlay sow-slider-image-cover\" style=\"opacity: 0.82;background-image: url(https:\/\/gschneider-sohn.de\/wp-content\/uploads\/2020\/09\/ZZH_T23959E01_000_01-e1599144521893.jpg)\"  ><\/div>\t\t<\/li>\n\t\t<\/ul>\t\t\t\t<ol class=\"sow-slider-pagination\">\n\t\t\t\t\t\t\t\t\t\t\t<li><a href=\"#\" data-goto=\"0\" aria-label=\"Display slide 1\"><\/a><\/li>\n\t\t\t\t\t\t\t\t\t<\/ol>\n\n\t\t\t\t<div class=\"sow-slide-nav sow-slide-nav-next\">\n\t\t\t\t\t<a href=\"#\" data-goto=\"next\" aria-label=\"Next slide\" data-action=\"next\">\n\t\t\t\t\t\t<em class=\"sow-sld-icon-thin-right\"><\/em>\n\t\t\t\t\t<\/a>\n\t\t\t\t<\/div>\n\n\t\t\t\t<div class=\"sow-slide-nav sow-slide-nav-prev\">\n\t\t\t\t\t<a href=\"#\" data-goto=\"previous\" aria-label=\"Previous slide\" data-action=\"prev\">\n\t\t\t\t\t\t<em class=\"sow-sld-icon-thin-left\"><\/em>\n\t\t\t\t\t<\/a>\n\t\t\t\t<\/div>\n\t\t\t\t<\/div><\/div><\/div><\/div><\/div><\/div><\/div><div id=\"pg-gb27-69ed1256bf5b8-4\"  class=\"panel-grid panel-no-style\" ><div id=\"pgc-gb27-69ed1256bf5b8-4-0\"  class=\"panel-grid-cell\" ><div id=\"panel-gb27-69ed1256bf5b8-4-0-0\" class=\"so-panel widget widget_sow-editor panel-first-child\" data-index=\"5\" ><div class=\"panel-widget-style panel-widget-style-for-gb27-69ed1256bf5b8-4-0-0\" ><div\n\t\t\t\n\t\t\tclass=\"so-widget-sow-editor so-widget-sow-editor-base\"\n\t\t\t\n\t\t>\n<div class=\"siteorigin-widget-tinymce textwidget\">\n\t<h2 style=\"text-align: center;\"><span style=\"color: #003366;\">HAUSTECHNIK F\u00dcR FRANKFURT AM MAIN &amp; UMGEBUNG<\/span><\/h2>\n<h3><\/h3>\n<\/div>\n<\/div><\/div><\/div><div id=\"panel-gb27-69ed1256bf5b8-4-0-1\" class=\"so-panel widget widget_sow-headline panel-last-child\" data-index=\"6\" ><div\n\t\t\t\n\t\t\tclass=\"so-widget-sow-headline so-widget-sow-headline-default-b6d91dda60f0-27\"\n\t\t\t\n\t\t><div class=\"sow-headline-container \">\n\t\t\t\t\t\t\t<h1 class=\"sow-headline\">\n\t\t\t\t\t\tG. Schneider &amp; Sohn GmbH\t\t\t\t\t\t<\/h1>\n\t\t\t\t\t\t<\/div>\n<\/div><\/div><\/div><\/div><\/div>","protected":false},"excerpt":{"rendered":"<p>Sanit\u00e4rtechnik ist die Lebensader eines Hauses \u2013 niemand sollte an ihr sparen.\u00a0 Profitieren Sie deshalb von unserem traditionsreichen Fachbetrieb in Frankfurt und Umgebung. Ob f\u00fcr Neubau, Sanierung, Reparatur oder Wartungsarbeiten: Wir kennen den Markt seit 1935 bestens, sind zertifiziert f\u00fcr Sanit\u00e4r, Heizung und Klimatechnik. Wellness-Oase:\u00a0gut geplant = besser entspannen F\u00fcr ein Wellness-Bad in den eigenen [&hellip;]<\/p>\n","protected":false},"author":1,"featured_media":0,"parent":0,"menu_order":0,"comment_status":"closed","ping_status":"closed","template":"page-templates\/pagebuilder.php","meta":{"zakra_page_container_layout":"customizer","zakra_page_sidebar_layout":"customizer","zakra_remove_content_margin":false,"zakra_sidebar":"customizer","zakra_transparent_header":"customizer","zakra_logo":0,"zakra_main_header_style":"default","zakra_menu_item_color":"","zakra_menu_item_hover_color":"","zakra_menu_item_active_color":"","zakra_menu_active_style":"","zakra_page_header":false,"footnotes":""},"class_list":["post-27","page","type-page","status-publish","hentry"],"_links":{"self":[{"href":"https:\/\/gschneider-sohn.de\/index.php?rest_route=\/wp\/v2\/pages\/27","targetHints":{"allow":["GET"]}}],"collection":[{"href":"https:\/\/gschneider-sohn.de\/index.php?rest_route=\/wp\/v2\/pages"}],"about":[{"href":"https:\/\/gschneider-sohn.de\/index.php?rest_route=\/wp\/v2\/types\/page"}],"author":[{"embeddable":true,"href":"https:\/\/gschneider-sohn.de\/index.php?rest_route=\/wp\/v2\/users\/1"}],"replies":[{"embeddable":true,"href":"https:\/\/gschneider-sohn.de\/index.php?rest_route=%2Fwp%2Fv2%2Fcomments&post=27"}],"version-history":[{"count":110,"href":"https:\/\/gschneider-sohn.de\/index.php?rest_route=\/wp\/v2\/pages\/27\/revisions"}],"predecessor-version":[{"id":822,"href":"https:\/\/gschneider-sohn.de\/index.php?rest_route=\/wp\/v2\/pages\/27\/revisions\/822"}],"wp:attachment":[{"href":"https:\/\/gschneider-sohn.de\/index.php?rest_route=%2Fwp%2Fv2%2Fmedia&parent=27"}],"curies":[{"name":"wp","href":"https:\/\/api.w.org\/{rel}","templated":true}]}}